{"id":20250,"date":"2025-12-17T09:54:58","date_gmt":"2025-12-17T08:54:58","guid":{"rendered":"https:\/\/wham-vintage.com\/?post_type=product&#038;p=20250"},"modified":"2025-12-17T10:06:52","modified_gmt":"2025-12-17T09:06:52","slug":"los-planetas-la-leyenda-el-espacio-disco-vinilo-doble-2lp","status":"publish","type":"product","link":"https:\/\/wham-vintage.com\/en\/los-planetas-la-leyenda-el-espacio-disco-vinilo-doble-2lp\/","title":{"rendered":"THE PLANETS \u2013 The Legend of Space Double Vinyl Record 2LP"},"content":{"rendered":"<div class=\"blkIzq\"><img decoding=\"async\" class=\"caratula\" title=\"planetas los_la leyenda del espacio 2lp.jpg\" src=\"https:\/\/www.discopunt.es\/img\/cover\/planetas los_la leyenda del espacio 2lp.jpg\" alt=\"planetas los_la leyenda del espacio 2lp.jpg\" \/><\/div>\n<div class=\"blkDrc\">Cuenta adem\u00e1s con la colaboraci\u00f3n del cantaor Enrique Morente, que presta su voz para el tema Tendr\u00e1 que haber un camino, homenaje p\u00f3stumo escrito por J, vocalista de la banda, en memoria de Aleix Verg\u00e9s tambi\u00e9n conocido como Sideral (componente del desaparecido grupo barcelon\u00e9s Peanut Pie y dj), y amigo personal del mismo.<\/p>\n<p>El t\u00edtulo del disco es un homenaje a La leyenda del tiempo de Camar\u00f3n de la Isla, \u00e1lbum que la banda considera que fue el que abri\u00f3 el flamenco a la m\u00fasica rock dando un impulso decisivo al flamenco moderno. Con este \u00e1lbum la banda pretende hacer lo mismo pero desde el lado contrario y para ello tom\u00f3 como punto de partida las melod\u00edas, estructuras, letras, y el sonido del folclore tradicional andaluz.<\/p>\n<p>El disco alcanz\u00f3 el puesto n\u00famero 8 en la lista de ventas espa\u00f1ola.<\/p>\n<p>Fue elegido como mejor disco nacional de 2007 tanto por los redactores como por los lectores de la revista Rockdelux. En su n\u00famero de noviembre de 2009, la misma revista lo vota como mejor disco nacional de la d\u00e9cada. Los cr\u00edticos de Babelia, suplemento cultural del diario El Pa\u00eds, lo seleccionan en el puesto trig\u00e9simo octavo de &#8220;Los 50 mejores discos espa\u00f1oles del \u00faltimo medio siglo&#8221;.<\/p>\n<p>El 3 de abril de 2008 recibi\u00f3 el reconocimiento de mejor disco nacional de rock alternativo de 2007 en los Premios de la M\u00fasica organizados por la Academia de las Artes y las Ciencias de la M\u00fasica.<\/p><\/div>\n<div class=\"blkDrc\">\n<h3>\u00b7 Content:<\/h3>\n<p>Cara A<\/p>\n<p>01. El Canto Del Bute (Tientos)<br \/>\n02. Si Estaba Loco Por Ti (Verdiales)<br \/>\n03. Reunion En La Cumbre<br \/>\n04. La Verdulera (Mirabras)<\/p>\n<p>Cara B<\/p>\n<p>05. Ya No Me Asomo A La Reja (Fandangos)<br \/>\n06. Negras Las Intenciones (Soleares)<\/p>\n<p>Cara C<\/p>\n<p>07. Si Me Diste La Espalda<br \/>\n08. Deseando Una Cosa (Canti\u00f1as)<br \/>\n09. Entre Las Flores Del Campo (Caracoles)<br \/>\n10. La Que Vive En La Carrera (Granainas)<\/p>\n<p>Cara B<\/p>\n<p>11. Alegrias Del Incendio<br \/>\n12. Sol Y Sombra<br \/>\n13. Tendr\u00e1 Que Haber un Camino<\/p><\/div>","protected":false},"excerpt":{"rendered":"<p>La leyenda del espacio es el s\u00e9ptimo \u00e1lbum de estudio de la banda de pop granadina Los Planetas, editado el 10 de abril de 2007.<\/p>\n<p>El disco se inspira en la tradici\u00f3n musical andaluza del flamenco. Cada tema del disco es una adaptaci\u00f3n de un palo flamenco, tomando muchas veces directamente letras de cantes tradicionales.<\/p>","protected":false},"featured_media":20251,"template":"","meta":{"_acf_changed":false,"_relevanssi_hide_post":"","_relevanssi_pin_for_all":"","_relevanssi_pin_keywords":"","_relevanssi_unpin_keywords":"","_relevanssi_related_keywords":"","_relevanssi_related_include_ids":"","_relevanssi_related_exclude_ids":"","_relevanssi_related_no_append":"","_relevanssi_related_not_related":"","_relevanssi_related_posts":"17435,20252,20242,53162,32137,15852","_relevanssi_noindex_reason":""},"genero-musical":[1562,1563,1699,2678,1558,2797,1677],"product_brand":[],"product_cat":[],"product_tag":[],"tematica":[],"class_list":{"0":"post-20250","1":"product","2":"type-product","3":"status-publish","4":"has-post-thumbnail","6":"genero-musical-2-lps-flamenco","7":"genero-musical-2-lps-indie-rock","8":"genero-musical-flamenco-y-solistas-espanoles","9":"genero-musical-fusion-rock","10":"genero-musical-lp-indie-rock","11":"genero-musical-noise-rock","12":"genero-musical-rock-espanol","14":"first","15":"onbackorder","16":"sale","17":"featured","18":"sold-individually","19":"purchasable","20":"product-type-simple"},"acf":[],"_links":{"self":[{"href":"https:\/\/wham-vintage.com\/en\/wp-json\/wp\/v2\/product\/20250","targetHints":{"allow":["GET"]}}],"collection":[{"href":"https:\/\/wham-vintage.com\/en\/wp-json\/wp\/v2\/product"}],"about":[{"href":"https:\/\/wham-vintage.com\/en\/wp-json\/wp\/v2\/types\/product"}],"wp:featuredmedia":[{"embeddable":true,"href":"https:\/\/wham-vintage.com\/en\/wp-json\/wp\/v2\/media\/20251"}],"wp:attachment":[{"href":"https:\/\/wham-vintage.com\/en\/wp-json\/wp\/v2\/media?parent=20250"}],"wp:term":[{"taxonomy":"genero-musical","embeddable":true,"href":"https:\/\/wham-vintage.com\/en\/wp-json\/wp\/v2\/genero-musical?post=20250"},{"taxonomy":"product_brand","embeddable":true,"href":"https:\/\/wham-vintage.com\/en\/wp-json\/wp\/v2\/product_brand?post=20250"},{"taxonomy":"product_cat","embeddable":true,"href":"https:\/\/wham-vintage.com\/en\/wp-json\/wp\/v2\/product_cat?post=20250"},{"taxonomy":"product_tag","embeddable":true,"href":"https:\/\/wham-vintage.com\/en\/wp-json\/wp\/v2\/product_tag?post=20250"},{"taxonomy":"tematica","embeddable":true,"href":"https:\/\/wham-vintage.com\/en\/wp-json\/wp\/v2\/tematica?post=20250"}],"curies":[{"name":"wp","href":"https:\/\/api.w.org\/{rel}","templated":true}]}}

<div class="blkIzq"><img decoding="async" class="caratula" title="planetas los_la leyenda del espacio 2lp.jpg" src="https://www.discopunt.es/img/cover/planetas los_la leyenda del espacio 2lp.jpg" alt="planetas los_la leyenda del espacio 2lp.jpg" /></div>
<div class="blkDrc">Cuenta además con la colaboración del cantaor Enrique Morente, que presta su voz para el tema Tendrá que haber un camino, homenaje póstumo escrito por J, vocalista de la banda, en memoria de Aleix Vergés también conocido como Sideral (componente del desaparecido grupo barcelonés Peanut Pie y dj), y amigo personal del mismo.</p>
<p>El título del disco es un homenaje a La leyenda del tiempo de Camarón de la Isla, álbum que la banda considera que fue el que abrió el flamenco a la música rock dando un impulso decisivo al flamenco moderno. Con este álbum la banda pretende hacer lo mismo pero desde el lado contrario y para ello tomó como punto de partida las melodías, estructuras, letras, y el sonido del folclore tradicional andaluz.</p>
<p>El disco alcanzó el puesto número 8 en la lista de ventas española.</p>
<p>Fue elegido como mejor disco nacional de 2007 tanto por los redactores como por los lectores de la revista Rockdelux. En su número de noviembre de 2009, la misma revista lo vota como mejor disco nacional de la década. Los críticos de Babelia, suplemento cultural del diario El País, lo seleccionan en el puesto trigésimo octavo de &#8220;Los 50 mejores discos españoles del último medio siglo&#8221;.</p>
<p>El 3 de abril de 2008 recibió el reconocimiento de mejor disco nacional de rock alternativo de 2007 en los Premios de la Música organizados por la Academia de las Artes y las Ciencias de la Música.</p></div>
<div class="blkDrc">
<h3>· Content:</h3>
<p>Cara A</p>
<p>01. El Canto Del Bute (Tientos)<br />
02. Si Estaba Loco Por Ti (Verdiales)<br />
03. Reunion En La Cumbre<br />
04. La Verdulera (Mirabras)</p>
<p>Cara B</p>
<p>05. Ya No Me Asomo A La Reja (Fandangos)<br />
06. Negras Las Intenciones (Soleares)</p>
<p>Cara C</p>
<p>07. Si Me Diste La Espalda<br />
08. Deseando Una Cosa (Cantiñas)<br />
09. Entre Las Flores Del Campo (Caracoles)<br />
10. La Que Vive En La Carrera (Granainas)</p>
<p>Cara B</p>
<p>11. Alegrias Del Incendio<br />
12. Sol Y Sombra<br />
13. Tendrá Que Haber un Camino</p></div>

<p>La leyenda del espacio es el séptimo álbum de estudio de la banda de pop granadina Los Planetas, editado el 10 de abril de 2007.</p>
<p>El disco se inspira en la tradición musical andaluza del flamenco. Cada tema del disco es una adaptación de un palo flamenco, tomando muchas veces directamente letras de cantes tradicionales.</p>
